127080 a multiple of 97?
False
Is 22 a factor of 231638?
True
Is 57964 a multiple of 22?
False
Is 39 a factor of 342108?
True
Does 20 divide 56340?
True
Is 28 a factor of 398420?
False
Is 71 a factor of 7058678?
True
Is 2251 a factor of 9749081?
True
Is 7 a factor of 121525?
False
Is 74763 a multiple of 13?
True
Does 14 divide 87192?
True
Is 10 a factor of 1182380?
True
Is 108 a factor of 2274837?
False
Does 70 divide 146209?
False
Is 169 a factor of 2007213?
True
Does 15 divide 7876500?
True
Is 19 a factor of 2113389?
True
Is 19 a factor of 5342481?
False
Is 39 a factor of 101790?
True
Is 5 a factor of 4844108?
False
Is 802 a factor of 9058590?
True
Is 7 a factor of 151928?
True
Is 360 a factor of 7573499?
False
Does 302 divide 240458?
False
Is 441577 a multiple of 14?
False
Is 838 a factor of 217620?
False
Is 981237 a multiple of 78?
False
Is 82 a factor of 1341848?
True
Is 685370 a multiple of 14?
True
Is 15 a factor of 845564?
False
Does 15 divide 8941935?
True
Is 162018 a multiple of 4?
False
Does 55 divide 109119?
False
Is 186 a factor of 4793968?
False
Is 100 a factor of 12695400?
True
Is 555509 a multiple of 43?
False
Is 24242 a multiple of 17?
True
Is 11 a factor of 252439?
True
Is 275946 a multiple of 113?
True
Is 148 a factor of 1415362?
False
Is 14 a factor of 319732?
True
Is 325722 even?
True
Does 1320 divide 2457840?
True
Is 19 a factor of 593161?
True
Is 140262 a multiple of 8?
False
Does 2 divide 175514?
True
Is 11 a factor of 40104?
False
Is 161116 a multiple of 4?
True
Is 16 a factor of 7026980?
False
Is 4391868 a multiple of 6?
True
Does 485 divide 244440?
True
Is 4957478 a multiple of 17?
False
Is 11 a factor of 9805433?
True
Is 252707 a multiple of 43?
False
Is 84 a factor of 1548538?
False
Is 8945742 a multiple of 56?
False
Does 22 divide 735284?
True
Does 95 divide 9729?
False
Is 1322273 a multiple of 13?
False
Is 25863 even?
False
Is 72 a factor of 140112?
True
Is 872899 a multiple of 17?
True
Is 92 a factor of 561384?
True
Does 213 divide 5250472?
False
Does 6 divide 103011?
False
Does 84 divide 6085031?
False
Is 66186 a multiple of 48?
False
Does 16 divide 488928?
True
Is 60 a factor of 1684496?
False
Does 15 divide 303285?
True
Is 602 a factor of 11124151?
False
Is 1963 a factor of 26043314?
False
Is 14 a factor of 65927?
False
Is 9 a factor of 1264878?
True
Is 8 a factor of 14772?
False
Does 476 divide 167552?
True
Does 10 divide 2749350?
True
Does 471 divide 3017226?
True
Does 2 divide 177602?
True
Does 51 divide 1493025?
True
Is 4 a factor of 670996?
True
Does 61 divide 928908?
True
Does 16 divide 40916?
False
Is 440501 a multiple of 63?
False
Is 186362 a multiple of 71?
False
Does 2 divide 1305233?
False
Does 51 divide 360979?
False
Does 132 divide 10011936?
True
Is 594516 a multiple of 481?
True
Is 24 a factor of 5224449?
False
Is 3 a factor of 5023995?
True
Is 477932 a multiple of 12?
False
Is 29 a factor of 4253604?
True
Does 821 divide 795630?
False
Is 215904 a multiple of 398?
False
Does 44 divide 2852277?
False
Does 84 divide 5161464?
True
Is 1095 a factor of 32630668?
False
Is 1568922 a multiple of 12?
False
Does 21 divide 55244?
False
Is 9426926 a multiple of 74?
False
Does 63 divide 346149?
False
Is 10 a factor of 40860?
True
Does 7 divide 58625?
True
Is 53 a factor of 272644?
False
Is 39760 a multiple of 142?
True
Is 1148 a multiple of 20?
False
Is 7 a factor of 90209?
True
Is 124 a factor of 6046198?
False
Is 26 a factor of 131853?
False
Is 41141 a multiple of 51?
False
Does 15 divide 369353?
False
Is 194 a factor of 34338?
True
Is 639869 a multiple of 51?
False
Is 25 a factor of 305510?
False
Is 89 a factor of 868195?
True
Is 487434 a multiple of 3?
True
Does 31 divide 1542439?
False
Does 20 divide 3767640?
True
Does 66 divide 100552?
False
Is 14 a factor of 411631?
False
Is 119738 a multiple of 23?
True
Is 30 a factor of 1446767?
False
Does 137 divide 734594?
True
Does 80 divide 2225520?
True
Is 6687693 a multiple of 9?
True
Is 10 a factor of 13088178?
False
Is 8 a factor of 839656?
True
Does 49 divide 3234980?
True
Is 150378 a multiple of 71?
True
Is 61 a factor of 4769407?
True
Does 8 divide 117800?
True
Is 422043 a multiple of 12?
False
Is 1513 a multiple of 2?
False
Is 3 a factor of 713306?
False
Is 30 a factor of 188910?
True
Does 368 divide 1209296?
False
Is 46 a factor of 82657?
False
Is 7885885 a multiple of 119?
False
Is 47 a factor of 243554?
True
Is 4232515 a multiple of 12?
False
Is 862400 a multiple of 100?
True
Is 5 a factor of 203045?
True
Is 14 a factor of 326824?
False
Is 9 a factor of 116104?
False
Does 55 divide 708976?
False
Does 131 divide 85482?
False
Does 255 divide 196605?
True
Does 866 divide 7908564?
False
Is 226854 a multiple of 6?
True
Does 586 divide 695582?
True
Does 97 divide 651840?
True
Is 33 a factor of 11871057?
True
Does 7 divide 132776?
True
Is 14532 a multiple of 12?
True
Is 12 a factor of 6322092?
True
Does 1320 divide 1322277?
False
Is 4942892 a multiple of 791?
False
Is 33 a factor of 559152?
True
Does 7 divide 227563?
True
Is 12 a factor of 10253376?
True
Is 18 a factor of 396324?
True
Is 30 a factor of 21455967?
False
Does 12 divide 55740?
True
Does 4 divide 835131?
False
Does 134 divide 6550947?
False
Is 57840 a multiple of 13?
False
Does 40 divide 2944640?
True
Is 1739283 a multiple of 20?
False
Does 272 divide 301795?
False
Does 10 divide 1606070?
True
Is 221 a factor of 199179?
False
Does 324 divide 170424?
True
Does 4 divide 48883?
False
Is 781040 a multiple of 20?
True
Does 121 divide 1628172?
False
Is 19 a factor of 67108?
True
Does 374 divide 8228374?
True
Is 247 a factor of 516477?
True
Does 161 divide 17390011?
False
Does 461 divide 9631180?
False
Does 88 divide 732600?
True
Does 70 divide 6973867?
False
Does 19 divide 256871?
False
Is 98895 a multiple of 95?
True
Does 48 divide 413263?
False
Is 270465 a multiple of 95?
True
Does 17 divide 8629880?
True
Is 4 a factor of 54100?
True
Is 59 a factor of 3242522?
True
Is 10143990 a multiple of 736?
False
Is 15 a factor of 38145?
True
Does 20 divide 910940?
True
Does 58 divide 629037?
False
Is 346457 a multiple of 67?
True
Does 901 divide 4683848?
False
Is 538042 a multiple of 1437?
False
Is 87612 a multiple of 28?
True
Is 198 a factor of 9171373?
False
Does 21 divide 738338?
False
Is 64 a factor of 814187?
False
Is 49 a factor of 1517922?
True
Is 18 a factor of 311979?
False
Is 19 a factor of 21964?
True
Is 232 a factor of 337328?
True
Is 6 a factor of 103995?
False
Does 30 divide 4744705?
False
Is 532 a factor of 57456?
True
Does 132 divide 672804?
True
Is 362984 a multiple of 314?
True
Is 1063 a factor of 11668988?
False
Is 5348 a multiple of 3?
False
Is 9 a factor of 293477?
False
Is 42840 a multiple of 119?
True
Does 512 divide 5046690?
False
Is 3684219 a multiple of 345?
False
Is 308 a factor of 2256151?
False
Does 13 divide 17366?
False
Is 35 a factor of 2548805?
True
Is 21000896 a multiple of 32?
True
Is 6 a factor of 8084?
False
Is 53310 a multiple of 9?
False
Is 198 a factor of 107514?
True
Does 31 divide 172025?
False
Does 22 divide 3454239?
False
Is 7 a factor of 235452?
True
Does 22 divide 15246?
True
Is 246 a factor of 152325?
False
Does 300 divide 6903600?
True
Is 5 a factor of 197816?
False
Is 25 a factor of 10306650?
True
Does 607 divide 20031?
True
Is 5451230 a multiple of 5?
True
Does 103 divide 60325?
False
Does 11 divide 46585?
True
Is 39615 a multiple of 139?
True
Does 35 divide 4064340?
True
Is 34 a factor of 77248?
True
Is 3570074 a multiple of 247?
False
Is 100758 a multiple of 4?
False
Does 37 divide 73567?
False
Does 130 divide 352170?
True
Is 1047898 a multiple of 1625?
False
Does 12 divide 9672?
True
Is 5330036 a multiple of 1350?
False
Is 717 a factor of 13415070?
True
Is 260 a factor of 198900?
True
Is 98 a factor of 394548?
True
Is 3 a factor of 1113681?
True
Is 400 a factor of 187652?
False
Is 78 a factor of 2718551?
False
Is 202575 a multiple of 365?
True
Is 384837 a multiple of 37?
True
Is 8 a factor of 8075725?
False
Does 16 divide 1116547?
False
Does 10 divide 92420?
True
Does 9 divide 3700135?
False
Is 378576 a multiple of 264?
True
Does 2 divide 165113?
False
Does 7 divide 3424107?
False
Is 2 a factor of 882719?
False
Is 56 a factor of 234656?
False
Is 678540 a